= -127*v - 2392. What is the remainder when v is divided by 4?
0
Suppose 2*g = -4*g + 18. Suppose m = g*m + 2*p - 128, 3*p + 103 = 2*m. What is the remainder when m is divided by 10/(-8)*(-96)/8?
14
Let u(t) = -t**3 + 20*t**2 - 84*t + 3. What is the remainder when u(7) is divided by 16?
4
Calculate the remainder when (-1563)/(-11) - (-79)/(-869) is divided by 48.
46
Let s(a) = a - 4. Let u(o) = -4*o - 4. Let t be u(-1). Suppose t = -105*c + 108*c - 15. What is the remainder when c is divided by s(7)?
2
Let a(f) = -2 + 1 + f - 8 - 1. Let u = 29 + -18. Calculate the remainder when u is divided by a(15).
1
Suppose -10*p + 1452 - 382 = 0. Calculate the remainder when p is divided by 19.
12
Let s(v) = 8*v - 32. Suppose j = 3*g - g + 21, -4*g = -j + 11. What is the remainder when s(23) is divided by j?
28
Suppose -6 - 41 = -3*h - k, 0 = -h - 2*k + 14. What is the remainder when 543 is divided by h?
15
Let j = -2403 - -3422. What is the remainder when j is divided by 73?
70
Let x be ((-134)/10 - -3)/((-6)/15). Suppose 4*z = x + 22. What is the remainder when -2 - 1 - -50 - 2 is divided by z?
9
Suppose 1260 = 48*s - 28*s. Calculate the remainder when s is divided by 21.
0
Let j = 265 - 113. Calculate the remainder when j is divided by 15 - -53 - 21 - (-4 + 0).
50
Let w = 11 + -7. Suppose -5*g + 4 = -4*r + 5*r, w*g + 165 = 5*r. Calculate the remainder when r is divided by 8.
5
Calculate the remainder when 1/(3/(-1 + 328)) is divided by 16.
13
Let o(i) = 5*i + 1. Calculate the remainder when 366/(-488)*44/(-3) is divided by o(1).
5
Let y be (2 + 1)/(15/(-10)). Let h = 25 - y. Let z(j) = -10*j + 3. Calculate the remainder when z(-5) is divided by h.
26
Suppose 4*h = -102 + 362. What is the remainder when h is divided by 17?
14
Suppose -3*z = -3*h - 180, 3*z = 2*z - 5*h + 42. Suppose 30 = -7*m + 100. Calculate the remainder when z is divided by m.
7
Let m(a) = -a**2 - 15*a - 12. Suppose 0*f - 130 = 10*f. What is the remainder when 31 is divided by m(f)?
3
What is the remainder when 13 + -9 + 8 - -202 is divided by 107?
0
Let v(c) = c**2 + 14. Let y(a) = a**2 + 3*a - 4. Suppose 7 = u + 3*r - 4, 0 = -3*u - r - 7. Let t be y(u). Calculate the remainder when 53 is divided by v(t).
11
Let d(y) = y + 0*y + 4*y**2 + 2 + 1 - 5*y. What is the remainder when 43 is divided by d(2)?
10
Let x = 17 + -12. Suppose 0 = s + b - 15 - 7, 0 = -x*b + 25. What is the remainder when (-2)/4 + (-101)/(-2) is divided by s?
16
Let d(h) = 3*h + 7. Let y = 1138 + -1124. What is the remainder when d(6) is divided by y?
11
Suppose v = -1, 16*g = 12*g - 2*v + 674. Calculate the remainder when g is divided by 58.
53
Let z = -473 - -653. Calculate the remainder when z is divided by 56.
12
Let u = 947 + -935. What is the remainder when 188 is divided by u?
8
Let y(v) = -v**2 - v. Let s(w) = 7*w**2 + 8*w + 1. Let c(k) = s(k) + 6*y(k). Calculate the remainder when 178 is divided by c(5).
34
Let y = 0 + 3. Suppose -4*x = q - 8 - 6, -32 = -y*q - 2*x. Suppose a - 22 - 5 = 0. What is the remainder when a is divided by q?
7
Suppose 5*o = -5*q + 6345, 4*q - 6771 = 2*o - 1701. Calculate the remainder when q is divided by 31.
28
Let p(y) = -y - 8. Let t be p(-6). Let s be 1/1 + t + 3. Calculate the remainder when 73 is divided by (6/12)/(s/76).
16
Let p be 10/(-15) + (-24)/(-9). Suppose p*m = -0*m - 2*g + 10, -5*m = -3*g - 9. Calculate the remainder when (-4)/(6*-2)*24 is divided by m.
2
Calculate the remainder when ((-3007)/291)/(1/(-15)) is divided by 80.
75
Let s be (-8)/(-4)*1/2. Let t(d) = 79*d - 2. Calculate the remainder when t(s) is divided by 40.
37
Let q(p) = -6*p - 7. Let k(g) = -7*g - 8. Let z(a) = 5*k(a) - 6*q(a). What is the remainder when 49 is divided by z(8)?
9
Suppose 0*a - 2*x + 888 = 5*a, 0 = -5*a - 3*x + 887. Suppose -3*h + 4*j + 52 = 0, 48 = 3*h - 4*j + j. Calculate the remainder when a is divided by h.
10
Let w(h) = h**3 + 5*h**2 - h - 2. Suppose -1 = -2*y + 2*n + 9, 0 = y + 2*n + 4. Calculate the remainder when w(-5) is divided by y.
1
Let f(w) = -2*w**3 - 3*w**2 - 2*w - 4. Let a be f(-2). Suppose a*t - 13 = -4*k + 55, -5*t = -k - 7. Calculate the remainder when 36 is divided by k.
10
Let h(q) = -20*q**3 + 12 + 9*q**3 - 8*q**2 + 12*q**3 - q**2. What is the remainder when 44 is divided by h(9)?
8
Let g = 538 + -534. Suppose -2*k - 2*k = -60. Calculate the remainder when k is divided by g.
3
What is the remainder when 63 is divided by 10*3/18*21?
28
Let a = -413 + 510. Calculate the remainder when a is divided by 3.
1
Let k(f) = -f**2 + 5*f + 3. Suppose -n + 24 = 4*n - 2*u, -5*n + u + 22 = 0. Suppose 2 = -t + 14. Calculate the remainder when t is divided by k(n).
5
Calculate the remainder when -3*(293/(-3) - 9) is divided by 23.
21
Let g be (-56)/(-2) - 0/(-3). Let y = 7 + g. Let u = y + -25. Calculate the remainder when 19 is divided by u.
9
Suppose 9*x = 2*q + 11*x - 52, 6 = -3*x. Suppose 4*u + 13 - 3 = d, -2*d = 5*u + 6. Calculate the remainder when q is divided by (-32)/(-3) - d/3.
8
Let f(s) = s**3 - 4*s**2 + 4*s - 2. Let a be f(3). Let u = 13 - a. What is the remainder when 27 is divided by 4/(16/12) + u?
12
Let g be 9/27 - (-170)/(-6). Let y(x) = -x**3 - 4*x**2 + 4. What is the remainder when g/(-5) + 9/(-15) is divided by y(-4)?
1
Suppose 5*j - 3*q + 537 = 0, 3*j = -5*q + 8*q - 327. Let p = 165 + j. What is the remainder when p is divided by 31?
29
Let t(u) = u + 8. Let h be t(-3). Let c = h - -25. Calculate the remainder when 177 is divided by c.
27
What is the remainder when 132 - (-11 - (-6 + 1)) is divided by 47?
44
Suppose x = u - 123, -5*u + 5*x - 4*x = -615. Let m(c) = -21*c**3 - c**2 - 2*c - 1. Calculate the remainder when u is divided by m(-1).
18
Let s(o) = o**3 + 10*o**2 - 42*o - 14. Calculate the remainder when 196 is divided by s(-13).
21
Suppose 0 = 5*h - 5, 2*u = 3*u - 2*h - 17. What is the remainder when 39 is divided by u?
1
Let l = 8 + 382. Calculate the remainder when l is divided by 79.
74
Suppose 138*p - 52 = 134*p. What is the remainder when 99 is divided by p?
8
Let g = -3 + -4. What is the remainder when 124 is divided by g/21 - 128/(-6)?
19
Suppose -3*d - 40 = -199. What is the remainder when d is divided by 6?
5
Let y be ((-27)/(-35) + 20/(-35))*15. Let c = -26 + 51. Calculate the remainder when c is divided by (-66)/(-9) + (-1)/y.
4
Let b = 1 + -1. Let n(r) = r**2 + r - 52. Let z be n(b). What is the remainder when z/(-9) - 22/(-99) is divided by 4?
2
Let w be (8 - -2)/2 + -1. Let h be (34/w)/((-9)/18). Let c = h - -27. What is the remainder when 28 is divided by c?
8
Let r(h) = 5*h**3 + h**2 - 6*h + 3. Let n = 57 - 16. Calculate the remainder when r(2) is divided by n/2 + 18/(-12).
16
Suppose 8*l = 933 + 1347. Calculate the remainder when l is divided by 29.
24
Suppose 3*b - 3*d = 36, -4*b + 0*d = -3*d - 50. Let p = 2 - -2. Calculate the remainder when b is divided by p.
2
Suppose a - 72 = 34. Calculate the remainder when a is divided by 29.
19
Suppose 192 + 166 = 2*i. Suppose 0 = 3*v - i - 40. Calculate the remainder when v is divided by 38.
35
Let k(f) = 1137*f**2 + 2. Let b be k(2). Let r be 12/(-16)*(2 + b). Calculate the remainder when 4/(-14) + r/(-42) is divided by 14.
11
Let h = 163 - 96. What is the remainder when 75 is divided by h?
8
Let p(q) = q**3 - 9*q**2 - 253*q + 39. What is the remainder when 139 is divided by p(21)?
13
Suppose -3*w + 99 = 6. What is the remainder when 61 is divided by w?
30
Let w = 12 - 53. Let o = -38 - w. Calculate the remainder when -1 + (-1)/1 - -11 is divided by o.
0
Let f(g) = 2*g + 139. What is the remainder when f(30) is divided by 68?
63
Suppose -72 = 22*s - 25*s. Let l = 27 + s. Calculate the remainder when l is divided by 27.
24
Calculate the remainder when -6 + 3 - 8*-16 is divided by 16.
13
Let i(v) = 3*v**2 - 18*v + 79. Let z = 12 + 0. Calculate the remainder when i(4) is divided by z.
7
Let t = -167 - -239. Calculate the remainder when t is divided by (0 + 3/(-2))*-10.
12
Suppose -14 = 8*q - 46. Suppose 0*a - a + 14 = 3*y, q*a - 8 = 4*y. Calculate the remainder when 34 is divided by a.
4
Suppose 3*h - 29 = 2*r, -40 = -4*h + 3*r + r. What is the remainder when 30 is divided by h?
3
Let q(a) = 65*a. Suppose 3*s = -3*p - 8 - 13, -4*s - p - 43 = 0. Let g = 34 + s. Calculate the remainder when